{"id":17,"date":"2023-11-08T16:01:08","date_gmt":"2023-11-08T16:01:08","guid":{"rendered":"https:\/\/projectfena.com\/?page_id=17"},"modified":"2023-11-29T20:14:36","modified_gmt":"2023-11-29T20:14:36","slug":"projects","status":"publish","type":"page","link":"https:\/\/projectfena.com\/","title":{"rendered":"Welcome to FENA"},"content":{"rendered":"\n<p>Life in clinical research is a series of challenges. Some are big and require real determination, while others are smaller, everyday hurdles. At FENA, we don\u2019t just recognize these challenges; we see them as opportunities for growth, innovation, and triumph.<\/p>\n\n\n\n<h4 class=\"wp-block-heading\"><a href=\"https:\/\/projectfena.com\/index.php\/fena-contributors\/\" title=\"\"><mark style=\"background-color:rgba(0, 0, 0, 0)\" class=\"has-inline-color has-vivid-cyan-blue-color\">Continue Your Journey&#8230;<\/mark><\/a><\/h4>\n\n\n\n<div style=\"height:100px\" aria-hidden=\"true\" class=\"wp-block-spacer\"><\/div>\n\n\n\n \n\n\n\n<p><em>Yaffe ffena<a href=\"https:\/\/www.youtube.com\/watch?v=4GuMQXRl0_0\">.<\/a><\/em><br><em>\u6211\u4eec\u540c\u821f\u5171\u6d4e<\/em><br><em>\u0646\u062d\u0646 \u062c\u0645\u064a\u0639\u0627\u064b \u0645\u0639\u0627\u064b<\/em><br><em>\u05db\u05d5\u05dc\u05e0\u05d5 \u05d1\u05d6\u05d4 \u05d1\u05d9\u05d7\u05d3<\/em><br><em>Todos estamos en esto juntos<\/em><br><em>Nous sommes tous dans le m\u00eame bateau<\/em><br><em>Wir sitzen alle im selben Boot<\/em><br><em>Siamo tutti nella stessa barca<\/em><br><em>Estamos todos juntos nisso<\/em><br><em>We zitten hier allemaal samen in<\/em><br><em>\u041c\u044b \u0432\u0441\u0435 \u0432 \u044d\u0442\u043e\u043c \u0432\u043c\u0435\u0441\u0442\u0435<\/em><br><em>\u0939\u092e \u0938\u092c \u0907\u0938\u092e\u0947\u0902 \u0938\u093e\u0925 \u0939\u0948\u0902<\/em><br><em>\u0645\u0627 \u0647\u0645\u0647 \u062f\u0631 \u0627\u06cc\u0646 \u0647\u0633\u062a\u06cc\u0645 \u0628\u0647 \u0647\u0645\u0631\u0627\u0647<\/em><br><em>\u3053\u308c\u306f\u79c1\u305f\u3061\u307f\u3093\u306a\u306e\u3082\u306e\u3067\u3059<\/em><br><em>Sisi sote tuko pamoja katika hili<\/em><br><em>Sisonke kule<\/em><br><em>Awa gbogbo ni lori e pelu<\/em><br><em>Any\u1ecb nile n\u1ecd n\u2019ime ya<\/em><br><em>\uc6b0\ub9ac\ub294 \ubaa8\ub450 \ud568\uaed8 \uc774\uac83\uc5d0 \uc788\uc2b5\ub2c8\ub2e4<\/em><br><em>Olemme kaikki t\u00e4ss\u00e4 yhdess\u00e4<\/em><br><em>\u12a5\u129b \u1201\u1209\u121d \u1260\u12da\u1205 \u1270\u1263\u1260\u122d\u1295\u12cb\u120d<\/em><br><em>Hinqabu fi hinqabu jechuun<\/em><br><em>\u121d\u1295\u121d \u1290\u1308\u122d\u1293 \u12a5\u129b \u1260\u12a5\u129b<\/em><br><em>\u0a86\u0aaa\u0aa3\u0ac7 \u0aac\u0aa7\u0abe \u0a86\u0aae\u0abe\u0a82 \u0a9c \u0a9b\u0ac0\u0a8f<\/em><\/p>\n","protected":false},"excerpt":{"rendered":"<p>Life in clinical research is a series of challenges. Some are big and require real determination, while others are smaller, everyday hurdles. At FENA, we don\u2019t just recognize these challenges; we see them as opportunities for growth, innovation, and triumph. Continue Your Journey&#8230; Yaffe ffena.\u6211\u4eec\u540c\u821f\u5171\u6d4e\u0646\u062d\u0646 \u062c\u0645\u064a\u0639\u0627\u064b \u0645\u0639\u0627\u064b\u05db\u05d5\u05dc\u05e0\u05d5 \u05d1\u05d6\u05d4 \u05d1\u05d9\u05d7\u05d3Todos estamos en esto juntosNous sommes tous [&hellip;]<\/p>\n","protected":false},"author":1,"featured_media":0,"parent":0,"menu_order":0,"comment_status":"closed","ping_status":"closed","template":"","meta":{"om_disable_all_campaigns":false,"_monsterinsights_skip_tracking":false,"_monsterinsights_sitenote_active":false,"_monsterinsights_sitenote_note":"","_monsterinsights_sitenote_category":0,"_uf_show_specific_survey":0,"_uf_disable_surveys":false,"footnotes":""},"class_list":["post-17","page","type-page","status-publish","hentry"],"aioseo_notices":[],"_links":{"self":[{"href":"https:\/\/projectfena.com\/index.php\/wp-json\/wp\/v2\/pages\/17","targetHints":{"allow":["GET"]}}],"collection":[{"href":"https:\/\/projectfena.com\/index.php\/wp-json\/wp\/v2\/pages"}],"about":[{"href":"https:\/\/projectfena.com\/index.php\/wp-json\/wp\/v2\/types\/page"}],"author":[{"embeddable":true,"href":"https:\/\/projectfena.com\/index.php\/wp-json\/wp\/v2\/users\/1"}],"replies":[{"embeddable":true,"href":"https:\/\/projectfena.com\/index.php\/wp-json\/wp\/v2\/comments?post=17"}],"version-history":[{"count":8,"href":"https:\/\/projectfena.com\/index.php\/wp-json\/wp\/v2\/pages\/17\/revisions"}],"predecessor-version":[{"id":92,"href":"https:\/\/projectfena.com\/index.php\/wp-json\/wp\/v2\/pages\/17\/revisions\/92"}],"wp:attachment":[{"href":"https:\/\/projectfena.com\/index.php\/wp-json\/wp\/v2\/media?parent=17"}],"curies":[{"name":"wp","href":"https:\/\/api.w.org\/{rel}","templated":true}]}}